
210
Convert 324 (base 7) to base 11.
140
29 (base 10) to base 11
27
1 (base 5) to base 10
1
0 (base 8) to base 9
0
What is 14 (base 10) in base 12?
12
1112 (base 5) to base 2
10011101
11 (base 5) to base 7
6
Convert -1110 (base 3) to base 16.
-27
What is 26 (base 16) in base 10?
38
What is 24 (base 14) in base 6?
52
Convert 5d (base 14) to base 2.
1010011
What is 0 (base 11) in base 9?
0
2 (base 11) to base 2
10
-124 (base 14) to base 10
-228
3 (base 14) to base 16
3
Convert -79 (base 12) to base 9.
-113
What is 12 (base 9) in base 14?
b
-5 (base 14) to base 4
-11
-31 (base 4) to base 16
-d
1000 (base 4) to base 3
2101
Convert 1 (base 9) to base 14.
1
Convert -11 (base 13) to base 5.
-24
-105 (base 7) to base 11
-4a
What is -4 (base 13) in base 8?
-4
6 (base 13) to base 4
12
What is 122 (base 4) in base 9?
28
Convert -5 (base 10) to base 7.
-5
Convert 4 (base 5) to base 4.
10
Convert 15 (base 9) to base 10.
14
What is -130 (base 6) in base 12?
-46
What is 17 (base 11) in base 15?
13
Convert 260 (base 7) to base 5.
1030
2012 (base 5) to base 13
16a
What is 5 (base 8) in base 4?
11
-3 (base 4) to base 12
-3
What is 4 (base 10) in base 12?
4
Convert 23 (base 5) to base 9.
14
Convert 12 (base 11) to base 5.
23
What is -7 (base 10) in base 13?
-7
-9 (base 14) to base 10
-9
What is -10100111 (base 2) in base 10?
-167
What is -21 (base 3) in base 6?
-11
Convert -27 (base 14) to base 6.
-55
-1000 (base 3) to base 4
-123
51 (base 8) to base 10
41
Convert 46 (base 14) to base 12.
52
-3 (base 7) to base 9
-3
23 (base 5) to base 10
13
Convert -6 (base 10) to base 15.
-6
141 (base 6) to base 8
75
Convert 14 (base 11) to base 15.
10
-25 (base 6) to base 16
-11
Convert -66 (base 9) to base 13.
-48
-146 (base 14) to base 12
-196
What is 121 (base 4) in base 15?
1a
-3 (base 9) to base 10
-3
What is 176 (base 8) in base 15?
86
0 (base 15) to base 2
0
Convert 4 (base 16) to base 8.
4
Convert 2 (base 9) to base 6.
2
10 (base 3) to base 2
11
Convert -8 (base 13) to base 6.
-12
Convert -14 (base 7) to base 5.
-21
Convert 40 (base 5) to base 7.
26
4 (base 16) to base 3
11
Convert -27 (base 9) to base 13.
-1c
Convert -312 (base 5) to base 12.
-6a
What is 1 (base 9) in base 13?
1
4 (base 7) to base 15
4
101010 (base 2) to base 10
42
Convert -111 (base 2) to base 15.
-7
Convert -6 (base 9) to base 14.
-6
-2 (base 9) to base 12
-2
What is -1 (base 4) in base 5?
-1
Convert 6 (base 7) to base 11.
6
Convert 4 (base 10) to base 16.
4
Convert -1 (base 11) to base 15.
-1
Convert -73 (base 11) to base 7.
-143
21 (base 12) to base 11
23
What is 35 (base 7) in base 13?
20
Convert -303 (base 5) to base 9.
-86
What is 201 (base 7) in base 12?
83
Convert 0 (base 9) to base 14.
0
Convert -ba (base 16) to base 4.
-2322
Convert 16 (base 14) to base 9.
22
What is 111011 (base 2) in base 11?
54
2 (base 16) to base 12
2
Convert -10 (base 4) to base 14.
-4
Convert -81 (base 15) to base 7.
-232
10 (base 2) to base 11
2
Convert 40 (base 16) to base 11.
59
110110 (base 2) to base 5
204
Convert 0 (base 6) to base 4.
0
What is 10 (base 4) in base 15?
4
Convert 0 (base 8) to base 2.
0
-33 (base 6) to base 13
-18
-1120 (base 4) to base 3
-10021
40 (base 10) to base 14
2c
Convert 24 (base 5) to base 2.
1110
What is -20220 (base 3) in base 7?
-354
0 (base 5) to base 6
0
What is 4 (base 12) in base 6?
4
23 (base 13) to base 11
27
What is -120 (base 15) in base 10?
-255
What is 22 (base 11) in base 10?
24
0 (base 2) to base 12
0
-11 (base 3) to base 12
-4
What is 224 (base 5) in base 8?
100
20 (base 16) to base 12
28
Convert b (base 12) to base 8.
13
0 (base 10) to base 3
0
Convert -232 (base 5) to base 8.
-103
What is 20 (base 16) in base 5?
112
Convert -2a (base 15) to base 11.
-37
Convert 4 (base 5) to base 10.
4
0 (base 10) to base 9
0
Convert 3 (base 6) to base 5.
3
What is 14 (base 14) in base 6?
30
What is 24 (base 6) in base 9?
17
82 (base 12) to base 10
98
68 (base 16) to base 4
1220
What is 8 (base 11) in base 4?
20
-1 (base 8) to base 5
-1
What is 3 (base 14) in base 13?
3
56 (base 16) to base 7
152
-2 (base 15) to base 4
-2
Convert 11 (base 3) to base 11.
4
15 (base 15) to base 3
202
What is -6 (base 14) in base 7?
-6
What is -113 (base 5) in base 10?
-33
-111 (base 8) to base 14
-53
1 (base 15) to base 12
1
Convert -1122 (base 5) to base 16.
-a2
31 (base 4) to base 10
13
Convert 24 (base 11) to base 7.
35
Convert 15 (base 9) to base 11.
13
Convert 12 (base 5) to base 10.
7
What is -20 (base 3) in base 9?
-6
Convert 74 (base 9) to base 2.
1000011
Convert 0 (base 16) to base 4.
0
What is 8 (base 16) in base 12?
8
What is 356 (base 7) in base 12?
138
Convert 65 (base 12) to base 14.
57
Convert 3 (base 7) to base 11.
3
What is 8 (base 9) in base 7?
11
-11 (base 4) to base 11
-5
Convert -2 (base 16) to base 11.
-2
What is 8 (base 14) in base 9?
8
What is -130 (base 5) in base 2?
-101000
Convert 5 (base 15) to base 11.
5
What is 4 (base 13) in base 9?
4
Convert 1 (base 11) to base 3.
1
-a (base 12) to base 10
-10
What is 21 (base 10) in base 4?
111
What is 37 (base 10) in base 13?
2b
-1022 (base 3) to base 13
-29
Convert -5 (base 13) to base 14.
-5
-45 (base 6) to base 7
-41
What is 0 (base 5) in base 8?
0
What is -245 (base 6) in base 14?
-73
Convert -2 (base 6) to base 9.
-2
What is -91 (base 11) in base 3?
-10201
-14 (base 8) to base 12
-10
71 (base 13) to base 7
161
0 (base 6) to base 13
0
What is -6a (base 13) in base 11?
-80
Convert -7 (base 9) to base 14.
-7
What is 34 (base 6) in base 10?
22
Convert 2020 (base 3) to base 6.
140
What is 111 (base 2) in base 13?
7
-50 (base 8) to base 14
-2c
Convert 16 (base 8) to base 9.
15
What is 54 (base 15) in base 7?
142
-10011 (base 2) to base 6
-31
Convert 7 (base 16) to base 12.
7
What is -35 (base 15) in base 6?
-122
Convert -6 (base 10) to base 2.
-110
What is -16 (base 11) in base 6?
-25
What is -1 (base 3) in base 4?
-1
-16 (base 12) to base 14
-14
Convert 5 (base 13) to base 12.
5
1d (base 16) to base 13
23
Convert 21 (base 6) to base 14.
d
Convert -2 (base 6) to base 2.
-10
What is -4 (base 16) in base 15?
-4
Convert -a (base 11) to base 14.
-a
What is 37 (base 11) in base 3?
1111
Convert 100 (base 14) to base 7.
400
Convert -10 (base 3) to base 2.
-11
What is 9 (base 11) in base 4?
21
-31 (base 7) to base 6
-34
-c (base 13) to base 9
-13
-1111110 (base 2) to base 16
-7e
Convert -8 (base 11) to base 6.
-12
-5 (base 6) to base 10
-5
What is 7 (base 10) in base 3?
21
1 (base 5) to base 7
1
-b2 (base 13) to base 3
-12101
What is -1 (base 16) in base 5?
-1
91 (base 11) to base 12
84
What is -1 (base 3) in base 4?
-1
45 (base 6) to base 16
1d
What is -63 (base 11) in base 12?
-59
What is 0 (base 13) in base 2?
0
11 (base 9) to base 7
13
What is 4 (base 7) in base 9?
4
What is 2112 (base 4) in base 5?
1100
-47 (base 11) to base 7
-102
Convert -1 (base 3) to base 12.
-1
What is -5 (base 11) in base 5?
-10
131 (base 8) to base 4
1121
11 (base 5) to base 4
12
Convert -2 (base 9) to base 11.
-2
173 (base 10) to base 7
335
Convert -a6 (base 16) to base 13.
-ca
-1 (base 15) to base 2
-1
37 (base 10) to base 13
2b
2 (base 5) to base 8
2
What is -100101 (base 2) in base 9?
-41
What is 64 (base 9) in base 11?
53
Convert 49 (base 11) to base 5.
203
-454 (base 7) to base 6
-1031
What is 2c (base 16) in base 15?
2e
What is -10a (base 11) in base 3?
-11212
Convert -114 (base 6) to base 10.
-46
What is 3 (base 11) in base 14?
3
6 (base 11) to base 2
110
-10 (base 4) to base 2
-100
-1 (base 3) to base 2
-1
Convert 2 (base 16) to base 14.
2
Convert -2 (base 16) to base 9.
-2
3 (base 6) to base 2
11
9 (base 12) to base 2
1001
What is 10 (base 2) in base 12?
2
Convert 232 (base 10) to base 8.
350
Convert 18 (base 9) to base 3.
122
What is -12 (base 4) in base 9?
-6
a (base 15) to base 3
101
What is 111 (base 2) in base 4?
13
Convert -201 (base 4) to base 6.
-53
What is 10 (base 2) in base 14?
2
Convert 2 (base 7) to base 5.
2
What is 11100 (base 2) in base 5?
103
83 (base 11) to base 16
5b
What is 245 (base 11) in base 10?
291
What is -1 (base 13) in base 15?
-1
What is 6 (base 15) in base 16?
6
Convert 102 (base 6) to base 11.
35
What is 120 (base 4) in base 10?
24
What is -5 (base 12) in base 3?
-12
Convert -7 (base 10) to base 11.
-7
Convert 2 (base 14)